[INFO] cloning repository https://github.com/alexisccb/multith
[INFO] running `Command { std: "git" "-c" "credential.helper=" "-c" "credential.helper=/workspace/cargo-home/bin/git-credential-null" "clone" "--bare" "https://github.com/alexisccb/multith" "/workspace/cache/git-repos/https%3A%2F%2Fgithub.com%2Falexisccb%2Fmultith", kill_on_drop: false }`
[INFO] [stderr] Cloning into bare repository '/workspace/cache/git-repos/https%3A%2F%2Fgithub.com%2Falexisccb%2Fmultith'...
[INFO] running `Command { std: "git" "rev-parse" "HEAD", kill_on_drop: false }`
[INFO] [stdout] 602af6d5f43605334f600eaf96517ed07022917e
[INFO] checking alexisccb/multith against try#72f88fc4e9458f89516a0b8b0868f3718aec5b47 for pr-74989
[INFO] running `Command { std: "git" "clone" "/workspace/cache/git-repos/https%3A%2F%2Fgithub.com%2Falexisccb%2Fmultith" "/workspace/builds/worker-1/source", kill_on_drop: false }`
[INFO] [stderr] Cloning into '/workspace/builds/worker-1/source'...
[INFO] [stderr] done.
[INFO] validating manifest of git repo https://github.com/alexisccb/multith on toolchain 72f88fc4e9458f89516a0b8b0868f3718aec5b47
[INFO] running `Command { std: "/workspace/cargo-home/bin/cargo" "+72f88fc4e9458f89516a0b8b0868f3718aec5b47" "read-manifest" "--manifest-path" "Cargo.toml", kill_on_drop: false }`
[INFO] started tweaking git repo https://github.com/alexisccb/multith
[INFO] finished tweaking git repo https://github.com/alexisccb/multith
[INFO] tweaked toml for git repo https://github.com/alexisccb/multith written to /workspace/builds/worker-1/source/Cargo.toml
[INFO] crate git repo https://github.com/alexisccb/multith already has a lockfile, it will not be regenerated
[INFO] running `Command { std: "/workspace/cargo-home/bin/cargo" "+72f88fc4e9458f89516a0b8b0868f3718aec5b47" "fetch" "--locked" "--manifest-path" "Cargo.toml", kill_on_drop: false }`
[INFO] running `Command { std: "docker" "create" "-v" "/var/lib/crater-agent-workspace/builds/worker-1/target:/opt/rustwide/target:rw,Z" "-v" "/var/lib/crater-agent-workspace/builds/worker-1/source:/opt/rustwide/workdir:ro,Z" "-v" "/var/lib/crater-agent-workspace/cargo-home:/opt/rustwide/cargo-home:ro,Z" "-v" "/var/lib/crater-agent-workspace/rustup-home:/opt/rustwide/rustup-home:ro,Z" "-e" "SOURCE_DIR=/opt/rustwide/workdir" "-e" "CARGO_TARGET_DIR=/opt/rustwide/target" "-e" "CARGO_HOME=/opt/rustwide/cargo-home" "-e" "RUSTUP_HOME=/opt/rustwide/rustup-home" "-w" "/opt/rustwide/workdir" "-m" "1610612736" "--user" "0:0" "--network" "none" "rustops/crates-build-env@sha256:d92eaeed33fa75130ca1ee6c8a01d1ffb62bac859dfdfb3450e3e5d1c0146529" "/opt/rustwide/cargo-home/bin/cargo" "+72f88fc4e9458f89516a0b8b0868f3718aec5b47" "metadata" "--no-deps" "--format-version=1", kill_on_drop: false }`
[INFO] [stdout] 6db1eb05c679b9a490fa5f78257f78b219c04e25ea610eacc6bee0ef9fcaf2f4
[INFO] [stderr] WARNING: Your kernel does not support swap limit capabilities or the cgroup is not mounted. Memory limited without swap.
[INFO] running `Command { std: "docker" "start" "-a" "6db1eb05c679b9a490fa5f78257f78b219c04e25ea610eacc6bee0ef9fcaf2f4", kill_on_drop: false }`
[INFO] running `Command { std: "docker" "inspect" "6db1eb05c679b9a490fa5f78257f78b219c04e25ea610eacc6bee0ef9fcaf2f4", kill_on_drop: false }`
[INFO] running `Command { std: "docker" "rm" "-f" "6db1eb05c679b9a490fa5f78257f78b219c04e25ea610eacc6bee0ef9fcaf2f4", kill_on_drop: false }`
[INFO] [stdout] 6db1eb05c679b9a490fa5f78257f78b219c04e25ea610eacc6bee0ef9fcaf2f4
[INFO] running `Command { std: "docker" "create" "-v" "/var/lib/crater-agent-workspace/builds/worker-1/target:/opt/rustwide/target:rw,Z" "-v" "/var/lib/crater-agent-workspace/builds/worker-1/source:/opt/rustwide/workdir:ro,Z" "-v" "/var/lib/crater-agent-workspace/cargo-home:/opt/rustwide/cargo-home:ro,Z" "-v" "/var/lib/crater-agent-workspace/rustup-home:/opt/rustwide/rustup-home:ro,Z" "-e" "SOURCE_DIR=/opt/rustwide/workdir" "-e" "CARGO_TARGET_DIR=/opt/rustwide/target" "-e" "CARGO_INCREMENTAL=0" "-e" "RUST_BACKTRACE=full" "-e" "RUSTFLAGS=--cap-lints=forbid" "-e" "CARGO_HOME=/opt/rustwide/cargo-home" "-e" "RUSTUP_HOME=/opt/rustwide/rustup-home" "-w" "/opt/rustwide/workdir" "-m" "1610612736" "--user" "0:0" "--network" "none" "rustops/crates-build-env@sha256:d92eaeed33fa75130ca1ee6c8a01d1ffb62bac859dfdfb3450e3e5d1c0146529" "/opt/rustwide/cargo-home/bin/cargo" "+72f88fc4e9458f89516a0b8b0868f3718aec5b47" "check" "--frozen" "--all" "--all-targets" "--message-format=json", kill_on_drop: false }`
[INFO] [stderr] WARNING: Your kernel does not support swap limit capabilities or the cgroup is not mounted. Memory limited without swap.
[INFO] [stdout] 6ca57f7a7576da84ab9e243852b36dfbb2395987e617f89dea4c92cdb0e0ac56
[INFO] running `Command { std: "docker" "start" "-a" "6ca57f7a7576da84ab9e243852b36dfbb2395987e617f89dea4c92cdb0e0ac56", kill_on_drop: false }`
[INFO] [stderr]     Checking multith v0.1.0 (/opt/rustwide/workdir)
[INFO] [stdout] error: expected `;`, found `assert_eq`
[INFO] [stdout]   --> src/lib.rs:72:14
[INFO] [stdout]    |
[INFO] [stdout] 72 |         let x //... Fill in here!
[INFO] [stdout]    |              ^ help: add `;` here
[INFO] [stdout] 73 |         assert_eq!(format!("{:?}", x), "Ok([1, 11, 1426, 3])");
[INFO] [stdout]    |         --------- unexpected token
[INFO] [stdout] 
[INFO] [stdout] 
[INFO] [stdout] error: expected `;`, found `assert_eq`
[INFO] [stdout]   --> src/lib.rs:80:14
[INFO] [stdout]    |
[INFO] [stdout] 80 |         let x //... Fill in here!
[INFO] [stdout]    |              ^ help: add `;` here
[INFO] [stdout] 81 |         assert_eq!(format!("{:?}", x), "[Ok(1), Ok(11), Ok(1426), Ok(3)]");
[INFO] [stdout]    |         --------- unexpected token
[INFO] [stdout] 
[INFO] [stdout] 
[INFO] [stdout] error: expected `;`, found `assert_eq`
[INFO] [stdout]   --> src/lib.rs:72:14
[INFO] [stdout]    |
[INFO] [stdout] 72 |         let x //... Fill in here!
[INFO] [stdout]    |              ^ help: add `;` here
[INFO] [stdout] 73 |         assert_eq!(format!("{:?}", x), "Ok([1, 11, 1426, 3])");
[INFO] [stdout]    |         --------- unexpected token
[INFO] [stdout] 
[INFO] [stdout] 
[INFO] [stdout] error: expected `;`, found `assert_eq`
[INFO] [stdout]   --> src/lib.rs:80:14
[INFO] [stdout]    |
[INFO] [stdout] 80 |         let x //... Fill in here!
[INFO] [stdout]    |              ^ help: add `;` here
[INFO] [stdout] 81 |         assert_eq!(format!("{:?}", x), "[Ok(1), Ok(11), Ok(1426), Ok(3)]");
[INFO] [stdout]    |         --------- unexpected token
[INFO] [stdout] 
[INFO] [stdout] 
[INFO] [stdout] error[E0425]: cannot find function `divide` in this scope
[INFO] [stdout]   --> src/lib.rs:42:20
[INFO] [stdout]    |
[INFO] [stdout] 42 |         assert_eq!(divide(81, 9), Ok(9));
[INFO] [stdout]    |                    ^^^^^^ not found in this scope
[INFO] [stdout] 
[INFO] [stdout] 
[INFO] [stdout] error[E0425]: cannot find function `divide` in this scope
[INFO] [stdout]   --> src/lib.rs:48:13
[INFO] [stdout]    |
[INFO] [stdout] 48 |             divide(81, 6),
[INFO] [stdout]    |             ^^^^^^ not found in this scope
[INFO] [stdout] 
[INFO] [stdout] 
[INFO] [stdout] error[E0425]: cannot find function `divide` in this scope
[INFO] [stdout]   --> src/lib.rs:58:20
[INFO] [stdout]    |
[INFO] [stdout] 58 |         assert_eq!(divide(81, 0), Err(DivisionError::DivideByZero));
[INFO] [stdout]    |                    ^^^^^^ not found in this scope
[INFO] [stdout] 
[INFO] [stdout] 
[INFO] [stdout] error[E0425]: cannot find function `divide` in this scope
[INFO] [stdout]   --> src/lib.rs:63:20
[INFO] [stdout]    |
[INFO] [stdout] 63 |         assert_eq!(divide(0, 81), Ok(0));
[INFO] [stdout]    |                    ^^^^^^ not found in this scope
[INFO] [stdout] 
[INFO] [stdout] 
[INFO] [stdout] error[E0425]: cannot find function `divide` in this scope
[INFO] [stdout]   --> src/lib.rs:71:60
[INFO] [stdout]    |
[INFO] [stdout] 71 |         let division_results = numbers.into_iter().map(|n| divide(n, 27));
[INFO] [stdout]    |                                                            ^^^^^^ not found in this scope
[INFO] [stdout] 
[INFO] [stdout] 
[INFO] [stdout] error[E0425]: cannot find function `divide` in this scope
[INFO] [stdout]   --> src/lib.rs:79:60
[INFO] [stdout]    |
[INFO] [stdout] 79 |         let division_results = numbers.into_iter().map(|n| divide(n, 27));
[INFO] [stdout]    |                                                            ^^^^^^ not found in this scope
[INFO] [stdout] 
[INFO] [stdout] 
[INFO] [stdout] error: aborting due to 2 previous errors
[INFO] [stdout] 
[INFO] [stdout] 
[INFO] [stderr] error: could not compile `multith`.
[INFO] [stderr] 
[INFO] [stderr] To learn more, run the command again with --verbose.
[INFO] [stderr] warning: build failed, waiting for other jobs to finish...
[INFO] [stdout] error: aborting due to 8 previous errors
[INFO] [stdout] 
[INFO] [stdout] 
[INFO] [stdout] For more information about this error, try `rustc --explain E0425`.
[INFO] [stdout] 
[INFO] [stderr] error: build failed
[INFO] running `Command { std: "docker" "inspect" "6ca57f7a7576da84ab9e243852b36dfbb2395987e617f89dea4c92cdb0e0ac56", kill_on_drop: false }`
[INFO] running `Command { std: "docker" "rm" "-f" "6ca57f7a7576da84ab9e243852b36dfbb2395987e617f89dea4c92cdb0e0ac56", kill_on_drop: false }`
[INFO] [stdout] 6ca57f7a7576da84ab9e243852b36dfbb2395987e617f89dea4c92cdb0e0ac56
